{"id":2275,"date":"2024-06-06T09:48:07","date_gmt":"2024-06-06T07:48:07","guid":{"rendered":"https:\/\/new3.sclerodermie.ch\/?page_id=2275"},"modified":"2025-03-16T21:41:47","modified_gmt":"2025-03-16T20:41:47","slug":"la-sante-bucco-dentaire","status":"publish","type":"page","link":"https:\/\/www.sclerodermie.ch\/fr\/la-maladie\/la-sante-bucco-dentaire\/","title":{"rendered":"La sant\u00e9 bucco-dentaire"},"content":{"rendered":"\n<div class=\"wp-block-citadela-blocks-custom-container citadela-block-custom-container size-wide bg-type-none inside-space-none\"><div class=\"inner-holder\">\n<div style=\"height:100px\" aria-hidden=\"true\" class=\"wp-block-spacer\"><\/div>\n\n\n<div style=\"--bb--crumb-gap:.4em; font-style:normal;font-weight:600;\" class=\"hide-home-page wp-block-boldblocks-breadcrumb-block has-large-font-size\"><nav role=\"navigation\" aria-label=\"Breadcrumbs\" class=\"breadcrumb\"><ol class=\"breadcrumb-items\"><li class=\"breadcrumb-item breadcrumb-item--current breadcrumb-item--home\"><span class=\"breadcrumb-item-name\">Home<\/span><\/li><\/ol><\/nav><\/div>\n\n\n<hr class=\"wp-block-separator has-alpha-channel-opacity is-style-wide\"\/>\n\n\n\n<div class=\"wp-block-group\"><div class=\"wp-block-group__inner-container is-layout-constrained wp-block-group-is-layout-constrained\">\n<div class=\"wp-block-media-text is-stacked-on-mobile\"><figure class=\"wp-block-media-text__media\"><img loading=\"lazy\" decoding=\"async\" width=\"723\" height=\"1024\" src=\"https:\/\/www.sclerodermie.ch\/wp-content\/uploads\/2024\/10\/Dentiste.F-pdf-723x1024.jpg\" alt=\"\" class=\"wp-image-2801 size-citadela_service\" srcset=\"https:\/\/www.sclerodermie.ch\/wp-content\/uploads\/2024\/10\/Dentiste.F-pdf-723x1024.jpg 723w, https:\/\/www.sclerodermie.ch\/wp-content\/uploads\/2024\/10\/Dentiste.F-pdf-212x300.jpg 212w, https:\/\/www.sclerodermie.ch\/wp-content\/uploads\/2024\/10\/Dentiste.F-pdf.jpg 747w\" sizes=\"auto, (max-width: 723px) 100vw, 723px\" \/><\/figure><div class=\"wp-block-media-text__content\">\n<p class=\"has-medium-font-size\">Les personnes atteintes de scl\u00e9rodermie peuvent pr\u00e9senter d\u00e8s leur jeune \u00e2ge des probl\u00e8mes dentaires et\/ou parodontaux qui vont en se multipliant.<\/p>\n\n\n\n<p class=\"has-medium-font-size\">Cela d\u2019abord en raison des modifications physiques que provoque la maladie, comme le r\u00e9tr\u00e9cissement de l\u2019ouverture buccale ou le manque de salive. Ensuite, parce que ces modifications entra\u00eenent \u00e0 leur tour d\u2019\u00e9normes difficult\u00e9s \u00e0 maintenir une bonne hygi\u00e8ne bucco-dentaire. Par ailleurs, des probl\u00e8mes de dext\u00e9rit\u00e9 peuvent affecter, eux aussi, la qualit\u00e9 de l\u2019hygi\u00e8ne dentaire. Outre les caries et les gingivites, la scl\u00e9rodermie peut provoquer des atteintes douloureuses de la m\u00e2choire et de ses articulations. On sait \u00e9galement que m\u00eame sans parodontose, les personnes atteintes de scl\u00e9rodermie pr\u00e9sentent un \u00e9largissement du desmodonte (espace ligamentaire entre la racine et l\u2019os) qui peut contribuer au diagnostic pr\u00e9coce de la maladie.<\/p>\n\n\n\n<p class=\"has-medium-font-size\"><strong><a href=\"https:\/\/www.sclerodermie.ch\/wp-content\/uploads\/2024\/10\/Dentiste.F.pdf\" data-type=\"link\" data-id=\"https:\/\/www.sclerodermie.ch\/wp-content\/uploads\/2024\/10\/Dentiste.F.pdf\" target=\"_blank\" rel=\"noreferrer noopener\">T\u00e9l\u00e9charger la brochure compl\u00e8te ICI.<\/a><br><a href=\"https:\/\/www.sclerodermie.ch\/contact\/\" data-type=\"page\" data-id=\"523\">Commander la brochure ICI.<\/a><\/strong><\/p>\n\n\n\n<p class=\"has-medium-font-size\"><\/p>\n<\/div><\/div>\n<\/div><\/div>\n\n\n\n<p class=\"has-medium-font-size\"><strong>Dans cette brochure, vous trouverez des informations sur les sujets suivants :<\/strong><\/p>\n\n\n\n<div class=\"wp-block-group\"><div class=\"wp-block-group__inner-container is-layout-constrained wp-block-group-is-layout-constrained\">\n<div class=\"wp-block-group\"><div class=\"wp-block-group__inner-container is-layout-constrained wp-block-group-is-layout-constrained\">\n<ul class=\"wp-block-list\">\n<li class=\"has-medium-font-size\">R\u00e9tr\u00e9cissement de l\u2019ouverture buccale<\/li>\n\n\n\n<li class=\"has-medium-font-size\">Bouche s\u00e8che<\/li>\n\n\n\n<li class=\"has-medium-font-size\">Maladies gingivales<\/li>\n\n\n\n<li class=\"has-medium-font-size\">Effets des m\u00e9dicaments sur la sant\u00e9 bucco-dentaire<\/li>\n\n\n\n<li class=\"has-medium-font-size\">Douleurs de la mastication<\/li>\n\n\n\n<li class=\"has-medium-font-size\">Couronnes et implants<\/li>\n\n\n\n<li class=\"has-medium-font-size\">Conseils pour entretenir son hygi\u00e8ne et sa sant\u00e9 bucco-dentaire<\/li>\n<\/ul>\n<\/div><\/div>\n<\/div><\/div>\n<\/div><\/div>\n\n\n\n<div class=\"wp-block-citadela-blocks-custom-container citadela-block-custom-container size-wide bg-type-color inside-space-zero has-bg\" style=\"background-color:rgba(238, 113, 37, 1)\"><div class=\"inner-holder\">\n<div class=\"wp-block-columns alignwide are-vertically-aligned-center has-3-columns has-white-color has-text-color has-link-color wp-elements-6bb8fe760e257e423d82783bd40d9594 is-layout-flex wp-container-core-columns-is-layout-9d6595d7 wp-block-columns-is-layout-flex\">\n<div class=\"wp-block-column is-vertically-aligned-center is-layout-flow wp-block-column-is-layout-flow\">\n<div class=\"wp-block-citadela-blocks-service citadela-block-service main-holder layout-box header-type-icon standard\"><div class=\"service-header\"><div class=\"service-icon\"><a href=\"https:\/\/www.sclerodermie.ch\/contact\/\" target=\"_blank\" rel=\"noopener noreferrer\"><i class=\"fas fa-at\" style=\"color:#ffffff\"><\/i><\/a><\/div><\/div><div class=\"service-content\"><div class=\"service-content-wrap\"><a href=\"https:\/\/www.sclerodermie.ch\/contact\/\" target=\"_blank\" rel=\"noopener noreferrer\"><h3 class=\"service-title\" style=\"color:#ffffff\">NOUS ECRIRE<\/h3><\/a><p class=\"service-description\" style=\"color:#ffffff\">info@sclerodermie.ch<br\/>sclerodermie.ch<br\/>3000 Berne <\/p><\/div><\/div><\/div>\n<\/div>\n\n\n\n<div class=\"wp-block-column is-vertically-aligned-center is-layout-flow wp-block-column-is-layout-flow\">\n<div class=\"wp-block-citadela-blocks-service citadela-block-service main-holder layout-box header-type-icon standard\"><div class=\"service-header\"><div class=\"service-icon\"><i class=\"fas fa-phone\" style=\"color:#ffffff\"><\/i><\/div><\/div><div class=\"service-content\"><div class=\"service-content-wrap\"><h3 class=\"service-title\" style=\"color:#ffffff\">NOUS APPELER<\/h3><p class=\"service-description\" style=\"color:#ffffff\"><strong>077 469 75 58 \u2013 Fran\u00e7ais<br\/>077 502 18 68 \u2013 Deutsch<br\/>077 501 67 59 \u2013 Italiano <\/strong><\/p><\/div><\/div><\/div>\n<\/div>\n\n\n\n<div class=\"wp-block-column is-vertically-aligned-center is-layout-flow wp-block-column-is-layout-flow\">\n<div class=\"wp-block-citadela-blocks-service citadela-block-service main-holder layout-box header-type-icon standard\"><div class=\"service-header\"><div class=\"service-icon\"><i class=\"fas fa-piggy-bank\" style=\"color:#ffffff\"><\/i><\/div><\/div><div class=\"service-content\"><div class=\"service-content-wrap\"><h3 class=\"service-title\" style=\"color:#ffffff\">NOUS SOUTENIR<\/h3><p class=\"service-description\" style=\"color:#ffffff\">Compte postal : 12-864923-6 CHF<br\/>Code BIC : POFICHBEXXX<br\/>IBAN : CH47 0900 0000 1286 4923 6<\/p><\/div><\/div><\/div>\n<\/div>\n<\/div>\n<\/div><\/div>\n","protected":false},"excerpt":{"rendered":"","protected":false},"author":1,"featured_media":0,"parent":2271,"menu_order":1,"comment_status":"closed","ping_status":"closed","template":"","meta":{"_citadela_hide_page_title":"1","_citadela_remove_header_space":"1","_citadela_custom_class":"","_citadela_half_map_provider":"","_citadela_half_map_theme":"","_citadela_half_map_themeOSM":"","_citadela_half_map_customTheme":"","_citadela_half_map_dataType":"","_citadela_half_map_dynamicTrack":false,"_citadela_half_map_trackColor":"","_citadela_half_map_trackEndpointsColor":"","_citadela_half_map_filterCategory":"","_citadela_half_map_filterLocation":"","_citadela_half_map_filterFeatured":false,"_citadela_half_map_noDataBehavior":"empty-map","_citadela_half_map_noDataText":"","_citadela_half_map_clusterGridSize":80,"_citadela_header":false,"_citadela_header_over_content":false,"_citadela_header_text_color":"","_citadela_header_logo":[],"_citadela_header_bg_image":[],"_citadela_header_bg_position":{"x":0.5,"y":0.5},"_citadela_header_bg_size":"cover","_citadela_header_bg_repeat":"no-repeat","_citadela_header_bg_fixed":false,"_citadela_header_bg_color":"","_citadela_header_bg_image_overlay":"","_citadela_header_transparent_bg":false,"_citadela_content_width":"","_citadela_half_layout_position":"","footnotes":""},"class_list":["post-2275","page","type-page","status-publish","hentry"],"_links":{"self":[{"href":"https:\/\/www.sclerodermie.ch\/fr\/wp-json\/wp\/v2\/pages\/2275","targetHints":{"allow":["GET"]}}],"collection":[{"href":"https:\/\/www.sclerodermie.ch\/fr\/wp-json\/wp\/v2\/pages"}],"about":[{"href":"https:\/\/www.sclerodermie.ch\/fr\/wp-json\/wp\/v2\/types\/page"}],"author":[{"embeddable":true,"href":"https:\/\/www.sclerodermie.ch\/fr\/wp-json\/wp\/v2\/users\/1"}],"replies":[{"embeddable":true,"href":"https:\/\/www.sclerodermie.ch\/fr\/wp-json\/wp\/v2\/comments?post=2275"}],"version-history":[{"count":18,"href":"https:\/\/www.sclerodermie.ch\/fr\/wp-json\/wp\/v2\/pages\/2275\/revisions"}],"predecessor-version":[{"id":3810,"href":"https:\/\/www.sclerodermie.ch\/fr\/wp-json\/wp\/v2\/pages\/2275\/revisions\/3810"}],"up":[{"embeddable":true,"href":"https:\/\/www.sclerodermie.ch\/fr\/wp-json\/wp\/v2\/pages\/2271"}],"wp:attachment":[{"href":"https:\/\/www.sclerodermie.ch\/fr\/wp-json\/wp\/v2\/media?parent=2275"}],"curies":[{"name":"wp","href":"https:\/\/api.w.org\/{rel}","templated":true}]}}

La santé bucco-dentaire

<div class="wp-block-citadela-blocks-custom-container citadela-block-custom-container size-wide bg-type-none inside-space-none"><div class="inner-holder">
<div style="height:100px" aria-hidden="true" class="wp-block-spacer"></div>


<div style="--bb--crumb-gap:.4em; font-style:normal;font-weight:600;" class="hide-home-page wp-block-boldblocks-breadcrumb-block has-large-font-size"><nav role="navigation" aria-label="Breadcrumbs" class="breadcrumb"><ol class="breadcrumb-items"><li class="breadcrumb-item breadcrumb-item--current breadcrumb-item--home"><span class="breadcrumb-item-name">Home</span></li></ol></nav></div>


<hr class="wp-block-separator has-alpha-channel-opacity is-style-wide"/>



<div class="wp-block-group"><div class="wp-block-group__inner-container is-layout-constrained wp-block-group-is-layout-constrained">
<div class="wp-block-media-text is-stacked-on-mobile"><figure class="wp-block-media-text__media"><img loading="lazy" decoding="async" width="723" height="1024" src="https://www.sclerodermie.ch/wp-content/uploads/2024/10/Dentiste.F-pdf-723x1024.jpg" alt="" class="wp-image-2801 size-citadela_service" srcset="https://www.sclerodermie.ch/wp-content/uploads/2024/10/Dentiste.F-pdf-723x1024.jpg 723w, https://www.sclerodermie.ch/wp-content/uploads/2024/10/Dentiste.F-pdf-212x300.jpg 212w, https://www.sclerodermie.ch/wp-content/uploads/2024/10/Dentiste.F-pdf.jpg 747w" sizes="auto, (max-width: 723px) 100vw, 723px" /></figure><div class="wp-block-media-text__content">
<p class="has-medium-font-size">Les personnes atteintes de sclérodermie peuvent présenter dès leur jeune âge des problèmes dentaires et/ou parodontaux qui vont en se multipliant.</p>



<p class="has-medium-font-size">Cela d’abord en raison des modifications physiques que provoque la maladie, comme le rétrécissement de l’ouverture buccale ou le manque de salive. Ensuite, parce que ces modifications entraînent à leur tour d’énormes difficultés à maintenir une bonne hygiène bucco-dentaire. Par ailleurs, des problèmes de dextérité peuvent affecter, eux aussi, la qualité de l’hygiène dentaire. Outre les caries et les gingivites, la sclérodermie peut provoquer des atteintes douloureuses de la mâchoire et de ses articulations. On sait également que même sans parodontose, les personnes atteintes de sclérodermie présentent un élargissement du desmodonte (espace ligamentaire entre la racine et l’os) qui peut contribuer au diagnostic précoce de la maladie.</p>



<p class="has-medium-font-size"><strong><a href="https://www.sclerodermie.ch/wp-content/uploads/2024/10/Dentiste.F.pdf" data-type="link" data-id="https://www.sclerodermie.ch/wp-content/uploads/2024/10/Dentiste.F.pdf" target="_blank" rel="noreferrer noopener">Télécharger la brochure complète ICI.</a><br><a href="https://www.sclerodermie.ch/contact/" data-type="page" data-id="523">Commander la brochure ICI.</a></strong></p>



<p class="has-medium-font-size"></p>
</div></div>
</div></div>



<p class="has-medium-font-size"><strong>Dans cette brochure, vous trouverez des informations sur les sujets suivants :</strong></p>



<div class="wp-block-group"><div class="wp-block-group__inner-container is-layout-constrained wp-block-group-is-layout-constrained">
<div class="wp-block-group"><div class="wp-block-group__inner-container is-layout-constrained wp-block-group-is-layout-constrained">
<ul class="wp-block-list">
<li class="has-medium-font-size">Rétrécissement de l’ouverture buccale</li>



<li class="has-medium-font-size">Bouche sèche</li>



<li class="has-medium-font-size">Maladies gingivales</li>



<li class="has-medium-font-size">Effets des médicaments sur la santé bucco-dentaire</li>



<li class="has-medium-font-size">Douleurs de la mastication</li>



<li class="has-medium-font-size">Couronnes et implants</li>



<li class="has-medium-font-size">Conseils pour entretenir son hygiène et sa santé bucco-dentaire</li>
</ul>
</div></div>
</div></div>
</div></div>



<div class="wp-block-citadela-blocks-custom-container citadela-block-custom-container size-wide bg-type-color inside-space-zero has-bg" style="background-color:rgba(238, 113, 37, 1)"><div class="inner-holder">
<div class="wp-block-columns alignwide are-vertically-aligned-center has-3-columns has-white-color has-text-color has-link-color wp-elements-6bb8fe760e257e423d82783bd40d9594 is-layout-flex wp-container-core-columns-is-layout-9d6595d7 wp-block-columns-is-layout-flex">
<div class="wp-block-column is-vertically-aligned-center is-layout-flow wp-block-column-is-layout-flow">
<div class="wp-block-citadela-blocks-service citadela-block-service main-holder layout-box header-type-icon standard"><div class="service-header"><div class="service-icon"><a href="https://www.sclerodermie.ch/contact/" target="_blank" rel="noopener noreferrer"><i class="fas fa-at" style="color:#ffffff"></i></a></div></div><div class="service-content"><div class="service-content-wrap"><a href="https://www.sclerodermie.ch/contact/" target="_blank" rel="noopener noreferrer"><h3 class="service-title" style="color:#ffffff">NOUS ECRIRE</h3></a><p class="service-description" style="color:#ffffff">info@sclerodermie.ch<br/>sclerodermie.ch<br/>3000 Berne </p></div></div></div>
</div>



<div class="wp-block-column is-vertically-aligned-center is-layout-flow wp-block-column-is-layout-flow">
<div class="wp-block-citadela-blocks-service citadela-block-service main-holder layout-box header-type-icon standard"><div class="service-header"><div class="service-icon"><i class="fas fa-phone" style="color:#ffffff"></i></div></div><div class="service-content"><div class="service-content-wrap"><h3 class="service-title" style="color:#ffffff">NOUS APPELER</h3><p class="service-description" style="color:#ffffff"><strong>077 469 75 58 – Français<br/>077 502 18 68 – Deutsch<br/>077 501 67 59 – Italiano </strong></p></div></div></div>
</div>



<div class="wp-block-column is-vertically-aligned-center is-layout-flow wp-block-column-is-layout-flow">
<div class="wp-block-citadela-blocks-service citadela-block-service main-holder layout-box header-type-icon standard"><div class="service-header"><div class="service-icon"><i class="fas fa-piggy-bank" style="color:#ffffff"></i></div></div><div class="service-content"><div class="service-content-wrap"><h3 class="service-title" style="color:#ffffff">NOUS SOUTENIR</h3><p class="service-description" style="color:#ffffff">Compte postal : 12-864923-6 CHF<br/>Code BIC : POFICHBEXXX<br/>IBAN : CH47 0900 0000 1286 4923 6</p></div></div></div>
</div>
</div>
</div></div>
